nder when j is divided by z.
5
Suppose -4*p = -99 + 31. What is the remainder when p + -2 + -2 + 6 is divided by 7?
5
Let o(q) = -10*q + 1. What is the remainder when (-410)/(-14) - (-38)/(-133) is divided by o(-1)?
7
Suppose -1 = -2*m + 3*m. Let g = 3 + m. Let q(n) = 3*n**3 - 3*n**2 - n + 2. Calculate the remainder when 46 is divided by q(g).
10
Let i(k) = k**3 + 16*k**2 - k - 4. Suppose y + 4*y - 100 = 4*b, 2*b = 0. Calculate the remainder when y is divided by i(-16).
8
Suppose -17*g + 14*g - 36 = -2*j, -4*j + g = -72. Calculate the remainder when j is divided by 12.
6
Suppose 4*p - 35 = 33. Let u(w) = 5*w**3 + 2*w - 1. Calculate the remainder when p is divided by u(1).
5
Suppose -39*r = 773 - 4595. What is the remainder when r is divided by 5?
3
Calculate the remainder when 33 + -8 - -1*4 is divided by 13.
3
Let p(x) = -7*x - 24. Calculate the remainder when 40 is divided by p(-5).
7
Suppose -10*w = 21*w - 279. What is the remainder when 32 is divided by w?
5
Suppose 115*f = 111*f + 8, 0 = 3*u - f - 178. Suppose 76 + 8 = 4*g. Calculate the remainder when u is divided by g.
18
Let z = -171 + 215. What is the remainder when z is divided by 8?
4
What is the remainder when 58 is divided by 2 - (-4 - (-10)/3)*12?
8
Let v(c) = -c**3 + 8*c**2 - 10*c - 5. Let z be v(7). What is the remainder when (-4)/2*1 - (z + -3) is divided by 8?
3
Let m be 2/4*(-162)/(-9). Let a = m + 10. What is the remainder when (-30 - 0)*(-12)/10 is divided by a?
17
Let p(s) = 3*s + 4. Let k be p(29). What is the remainder when 87 is divided by 54/7 + 26/k?
7
Let r = -10 - -24. Let p = -59 - -4. Let v = 81 + p. Calculate the remainder when v is divided by r.
12
Suppose 0 = 106*l - 102*l - 1252. What is the remainder when l is divided by 9?
7
Let s(y) = 0 - 27*y + 4*y**3 + 4 - 6*y**2 - 6*y**2 - 3*y**3. Calculate the remainder when 52 is divided by s(14).
16
Let p be (-4)/((-12)/10 + 1). Suppose 0 = 3*z - 8*z + p. Suppose z*k + 0*k - 20 = 0. Calculate the remainder when 24 is divided by k.
4
Suppose 3*a + 341 = c + c, -3*c - 6 = 0. Let g = a - -191. What is the remainder when g is divided by 20?
16
Suppose 10*v + 342 = 67*v. Calculate the remainder when (-1 - 2)*(-1 + -8) is divided by v.
3
Let n(w) = -w**2 - 16*w - 10. Let j(k) = -k - 12. Let d be j(-6). Let v be n(d). Suppose 4*t = 34 + v. What is the remainder when 38 is divided by t?
17
Let w = -10 + 23. What is the remainder when -4 + (-4 - -10) + w is divided by 4?
3
What is the remainder when 232 is divided by -2 - (-9 - -3 - 65)?
25
Let n(f) = -f**3 - f**2 - f - 1. Let k(j) = -7*j**3 - 3*j**2 - 7*j - 10. Let x(d) = k(d) - 6*n(d). What is the remainder when x(-3) is divided by 9?
8
What is the remainder when 7*1/28*1*316 is divided by (-4 - -14)*(1 + 1)?
19
Suppose 8 = -t + 2*t. Let q(m) = 49*m + 13. Let j(l) = -25*l - 7. Let n(k) = -11*j(k) - 6*q(k). What is the remainder when n(-2) is divided by t?
5
Suppose 31 = 9*d - 5. Calculate the remainder when 11 is divided by d.
3
Let m(k) = k**3 + 11*k**2 - 14*k - 26. Calculate the remainder when 501 is divided by m(-11).
117
Suppose -21 = -5*a + 44. Let g(n) = -115*n + 510. What is the remainder when g(4) is divided by a?
11
Let d be (-12)/((4/(-2))/20). Suppose 46 = 4*h + 2*j, 2*j = -2*j + 12. Suppose 7*t + d = h*t. What is the remainder when t is divided by 14?
12
Let b(w) = 3*w + 11. What is the remainder when b(4) is divided by 6?
5
Let u be (240/35)/((-1)/7). Calculate the remainder when 63 is divided by 12/u - (-133)/4.
30
Let c(q) = q**3 + 12*q**2 - 16*q - 1. Let a be c(-13). Let n = 48 - a. What is the remainder when 47 is divided by n?
7
Suppose -8 = -5*b + 3*b, -4*l + 3*b + 36 = 0. Calculate the remainder when 33 is divided by l.
9
Let w(p) = p**3 - 6*p**2 - p + 6. Let h be w(6). Let m be 90 + -3 - (-3 + h). Suppose m = 2*d + d. What is the remainder when 119 is divided by d?
29
Suppose 12*a - 9*a = 153. Let h = -42 + a. Calculate the remainder when h is divided by 4.
1
Suppose -3*a - 168 = 3*k, 5*k + 100 = 3*k - 5*a. Let m = k + 72. What is the remainder when (8/(-10))/(6/(-165)) is divided by m?
10
Suppose -3*s = -a + 30 + 15, 2*a + 3*s - 81 = 0. Calculate the remainder when 49 is divided by a.
7
Let g = -879 - -896. Calculate the remainder when 23 is divided by g.
6
Let s = -71 - -87. Calculate the remainder when 60 is divided by s.
12
Let x(q) = -q**2 + 18*q + 71. Let o be x(21). Let g(c) = c**3 - 9*c**2 + 12*c - 15. Calculate the remainder when 132 is divided by g(o).
13
Suppose -2*p + 4 + 6 = -3*y, -2*y - 36 = -4*p. What is the remainder when 128 is divided by p?
7
What is the remainder when -16*18/(-4) - 2 is divided by 18?
16
Let o be (1 - 2) + 0 + 7. Suppose 14 - 4 = f. Suppose 80 = -o*s + f*s. Calculate the remainder when 38 is divided by s.
18
Suppose -30 - 235 = -5*i. Let w = 61 + i. Calculate the remainder when w is divided by 29.
27
Let m(t) = -t**2 + 14*t - 1. Let b = 21 + -8. Let i be m(b). Suppose -z + i = -5. Calculate the remainder when z is divided by 6.
5
Suppose 3 = -3*q, 3*k + 231 = 3*q - 30. Let y = -73 - k. Suppose 0*z - 2*z = m - 16, -z - 1 = 5*m. Calculate the remainder when y is divided by z.
6
Suppose -2*r - 3*t + 5 = -4*t, 2*r + 15 = -3*t. Let v = r - -27. Let a = -6 + 58. Calculate the remainder when a is divided by v.
25
Let q = 1347 + -1287. What is the remainder when 208 is divided by q?
28
Suppose 33 = -6*x + 231. Suppose -5*n = 3*r + r - 179, x = n - 2*r. Calculate the remainder when 207 is divided by n.
32
Let p = 2 - -1. Let t = -200 + 248. Suppose t = p*l - 129. Calculate the remainder when l is divided by 12.
11
Let a(l) = 4*l + 36. Let h be a(-8). Let g = 428 + -297. What is the remainder when g is divided by (1 + (-71)/5)/(h/(-10))?
32
Suppose 0 = -7*b + 15*b - 504. Let q = b + -48. What is the remainder when 42 is divided by q?
12
Let o be (18/(-8))/((-9)/48). Suppose 26*d + o = 24*d. What is the remainder when 7 is divided by 2/(4/(-36)*d)?
1
Let a = 484 + -457. What is the remainder when 509 is divided by a?
23
Let v(l) = -24*l - 16. Calculate the remainder when v(-7) is divided by 40.
32
Let f = 5 + -2. Suppose -5*n + 4*y - 32 = -9*n, 0 = -3*n + f*y + 18. Calculate the remainder when 25 is divided by n.
4
Let h = -43 - -43. Suppose h*r = 4*z + 2*r - 148, -146 = -4*z - r. What is the remainder when z is divided by -19*(0 + (-1)/1)?
17
Calculate the remainder when (245 - 2) + 2 + (-3 - -9) is divided by 54.
35
Let c = 11 + -8. Let y be -6*(-1)/(-4)*(-8)/6. Suppose y*g + j - 54 = -4*j, -c*j - 73 = -5*g. What is the remainder when g is divided by 5?
2
Suppose -4*g + 2*p + 12 + 14 = 0, p = -5*g + 29. Let c(q) = -10*q + 1. Let v be c(-2). Calculate the remainder when 2/(-6) + 196/v is divided by g.
3
Suppose 70*t - 63*t = 504. Calculate the remainder when 208 is divided by t.
64
Suppose 180*j - 8 = 178*j. Let u(h) = h**3 - 5*h**2 + 9*h - 10. Calculate the remainder when u(4) is divided by j.
2
Calculate the remainder when ((-1020)/765)/(8/(-1638)) is divided by 87.
12
Let r = 9 + 71. Calculate the remainder when r is divided by 2*-2 + 14 + 4.
10
Suppose -2*q + 20 = 3*q. Suppose 3*f + 4*z - 75 = 1, 0 = -4*f + q*z + 120. What is the remainder when 138 is divided by f?
26
Suppose -7*m - 15 = -2*m, -112 = -4*f + 4*m. Let a = 46 - f. Let g(j) = -j**3 + 9*j**2 + 12. What is the remainder when a is divided by g(9)?
9
Suppose 1641 = -c + 1655. Calculate the remainder when 386 is divided by c.
8
Suppose -6*i + 16 + 8 = 0. Suppose 20 = 5*a, 3*s - 100 = -0*a - i*a. What is the remainder when 110 is divided by s?
26
Suppose 2*v - 16 = -3*s, 0*s = v - s + 2. Suppose 8 = v*d + 4. Suppose 4*g - 18 = d*g. What is the remainder when g is divided by 6?
3
Let a(n) = 2*n**3 + 22*n**2 - 3*n - 10. Calculate the remainder when 250 is divided by a(-11).
20
Let g(m) = 5 + m**2 - 2 + 3. Calculate the remainder when g(5) is divided by (-6)/(-8)*(-1232)/(-84).
9
Let t(a) = -5*a - 7*a**2 - a**3 - 6*a - 6 + 3*a. Let f = -7 + 1. Calculate the remainder when t(f) is divided by 2.
0
Suppose -210 = -5*k + 385. Suppose -5*u = 4*w - k, 4*w = 2*u + 67 + 31. Let v = 9 + 0. Calculate the remainder when w is divided by v.
8
Suppose 104 = 2*l + 2*p, -5*p = l + 2 - 34. What is the remainder when 679 is divided by l?
52
Let t = -78 + 116. Suppose -p + 5*h + t = 